30
In base 9, what is 3 - -1164?
1167
In base 13, what is -1 + -14?
-15
In base 14, what is -77 + -9?
-82
In base 10, what is -167 - -23?
-144
In base 3, what is 10022 + 22?
10121
In base 5, what is 10 - -31212?
31222
In base 3, what is -11020 - -10100?
-220
In base 11, what is 2 + 269?
270
In base 7, what is -4 - 110?
-114
In base 10, what is 458 + -5?
453
In base 16, what is -66 + -5?
-6b
In base 12, what is -19 - 0?
-19
In base 12, what is 14aa + 4?
14b2
In base 2, what is 11001 - -1010?
100011
In base 14, what is -2d12 + 4?
-2d0c
In base 11, what is -a8 - 2?
-aa
In base 8, what is 6370 + -2?
6366
In base 2, what is 0 - 1000000010101?
-1000000010101
In base 3, what is -220010 - -11?
-212222
In base 9, what is 0 - -83?
83
In base 14, what is -4 + -60?
-64
In base 6, what is -34 - -5?
-25
In base 10, what is -2 + -38?
-40
In base 12, what is -7 + 64?
59
In base 7, what is 14225 - 0?
14225
In base 11, what is -a5 + 0?
-a5
In base 10, what is -13 - 63?
-76
In base 16, what is -e82 - -3?
-e7f
In base 16, what is 4 - -10bc?
10c0
In base 9, what is 5 + 1258?
1264
In base 9, what is -5 + 12?
6
In base 3, what is -12 + -211002?
-211021
In base 13, what is 0 + 109?
109
In base 12, what is 4 + 157?
15b
In base 9, what is 30 - -3?
33
In base 12, what is 4 - 38?
-34
In base 6, what is 43241 + 1?
43242
In base 10, what is -2247 + 5?
-2242
In base 10, what is 0 - -138?
138
In base 12, what is -5 - -66?
61
In base 2, what is 0 + 11010110110?
11010110110
In base 9, what is -3 + 7?
4
In base 11, what is 194 - 5?
18a
In base 14, what is -7d2 + -3?
-7d5
In base 14, what is 1 + -1a?
-19
In base 8, what is -13261 - 2?
-13263
In base 5, what is -34 + 21?
-13
In base 9, what is 5 + -72?
-66
In base 5, what is 10 - 313?
-303
In base 8, what is 353 - -5?
360
In base 4, what is 1 - 1021?
-1020
In base 6, what is -315120 + -1?
-315121
In base 12, what is -5 - 4a?
-53
In base 15, what is -16b7 - 7?
-16be
In base 4, what is -3 + -202?
-211
In base 10, what is 0 - -115?
115
In base 10, what is 28 + 29?
57
In base 8, what is -525 - 5?
-532
In base 2, what is 101 - -10100?
11001
In base 8, what is 6 - 66?
-60
In base 2, what is 111 + 101?
1100
In base 14, what is 77 - -20?
97
In base 7, what is -313 + -6?
-322
In base 5, what is 14043 - 3?
14040
In base 14, what is -45ca - -5?
-45c5
In base 2, what is -10 + 11110010001?
11110001111
In base 5, what is 4 + -42?
-33
In base 9, what is -631 + 3?
-627
In base 8, what is 1361 - 5?
1354
In base 6, what is -340001 + 1?
-340000
In base 15, what is -1 - 9b?
-9c
In base 7, what is -232 + 4?
-225
In base 16, what is -6d0 - -5?
-6cb
In base 16, what is d1 + -3?
ce
In base 14, what is -68 + 3?
-65
In base 12, what is -1308 - 6?
-1312
In base 11, what is -448 - 5?
-452
In base 11, what is 1932 + 5?
1937
In base 9, what is 63 + 13?
76
In base 2, what is 10 - -1111000011?
1111000101
In base 15, what is -3 - 163?
-166
In base 10, what is -17 + 5?
-12
In base 14, what is -150 + 2?
-14c
In base 6, what is 2 + 12?
14
In base 6, what is -43 + 32?
-11
In base 9, what is 74 + 3?
77
In base 12, what is 5 - -3b?
44
In base 5, what is -14 + 10?
-4
In base 5, what is 3004 + 1?
3010
In base 10, what is -2 - 77?
-79
In base 10, what is 43 - -4?
47
In base 13, what is 398 - 5?
393
In base 3, what is 11 - 222100?
-222012
In base 9, what is -1 + 161?
160
In base 7, what is -552 - 3?
-555
In base 8, what is -5347 - 4?
-5353
In base 7, what is 1212 - -11?
1223
In base 6, what is -5 - -1244?
1235
In base 3, what is 11 + 12121?
12202
In base 9, what is -18 - 1?
-20
In base 13, what is -90 + -1?
-91
In base 8, what is -157 - -27?
-130
In base 5, what is -144 - 102?
-301
In base 5, what is 343 + 10?
403
In base 14, what is 2 - -182?
184
In base 12, what is 2 - -25?
27
In base 5, what is 24 - 1210?
-1131
In base 5, what is -14 + 232?
213
In base 4, what is -1130 - -1012?
-112
In base 16, what is -12ee + 4?
-12ea
In base 8, what is -34 + 4?
-30
In base 13, what is 2 - -650?
652
In base 11, what is -112 + -4a?
-161
In base 15, what is -4 + 1ee?
1ea
In base 4, what is 1 - 123122?
-123121
In base 8, what is -2506 + 1?
-2505
In base 4, what is -3220 - 3?
-3223
In base 4, what is 11023 + 0?
11023
In base 16, what is -1302 + -1?
-1303
In base 11, what is -4 - 141?
-145
In base 4, what is -12 + 223?
211
In base 6, what is 5 - -33?
42
In base 14, what is 7d + -22?
5b
In base 10, what is 4 + 199?
203
In base 8, what is -7 - 212?
-221
In base 2, what is 11 + -11100101111?
-11100101100
In base 2, what is -100111 - -101011?
100
In base 7, what is 3 - -1115?
1121
In base 11, what is 5 - 78?
-73
In base 11, what is 17944 + -5?
1793a
In base 3, what is -2120 - -112?
-2001
In base 8, what is -1764 + -3?
-1767
In base 14, what is a - 49?
-3d
In base 8, what is -62 + -103?
-165
In base 10, what is 275 - -10?
285
In base 12, what is 466 + 4?
46a
In base 5, what is 20042 - 1?
20041
In base 7, what is -5 - 125?
-133
In base 12, what is -30 - 25?
-55
In base 11, what is 14 + 1610?
1624
In base 10, what is 5 + 1638?
1643
In base 6, what is 1454 + -40?
1414
In base 4, what is -1333 + -10?
-2003
In base 8, what is -7 - -1654?
1645
In base 14, what is 3db + -2?
3d9
In base 14, what is a2c + -5?
a27
In base 7, what is 4 + -33603?
-33566
In base 8, what is 11 + -1?
10
In base 13, what is 4 - 82?
-7b
In base 15, what is -b4 + -5?
-b9
In base 5, what is 3140 - 2?
3133
In base 15, what is -2212 - 2?
-2214
In base 15, what is 5 - 17?
-12
In base 13, what is -3 + 1b5?
1b2
In base 10, what is -9 + 78?
69
In base 9, what is 4 - 4042?
-4037
In base 9, what is 66 - -2?
68
In base 16, what is da0 - 3?
d9d
In base 14, what is -d85 + 3?
-d82
In base 10, what is -6 - 804?
-810
In base 11, what is 65 + 2a?
94
In base 13, what is -376 - -15?
-361
In base 3, what is -11 + 1221?
1210
In base 10, what is 1 - -37?
38
In base 8, what is 10 - 165?
-155
In base 3, what is -12 + -221102?
-221121
In base 2, what is 1011110 - -1000?
1100110
In base 10, what is 28 - -2?
30
In base 8, what is 10 - 1610?
-1600
In base 14, what is -17 + 217?
200
In base 14, what is 4 - 288?
-284
In base 4, what is -2 + -1022?
-1030
In base 4, what is 103 - -30?
133
In base 8, what is -22121 + 5?
-22114
In base 4, what is -2203 + 3?
-2200
In base 11, what is 0 - -677?
677
In base 2, what is 11 + -10010110010?
-10010101111
In base 7, what is -31 + -506?
-540
In base 16, what is 149 + 1?
14a
In base 2, what is -101110 - -10100111?
1111001
In base 11, what is 7789 - -4?
7792
In base 11, what is -13 - 33?
-46
In base 3, what is 11 + -20111?
-20100
In base 5, what is 10 + -124?
-114
In base 15, what is 582 - 4?
57d
In base 8, what is 1157 - 1?
1156
In base 15, what is -5 - 2c4?
-2c9
In base 10, what is 1133 - 1?
1132
In base 13, what is -204 - -2?
-202
In base 14, what is 47 + 3?
4a
In base 10, what is -249 - 5?
-254
In base 15, what is -73c + 7?
-735
In base 15, what is -6 - 9?
-10
In base 5, what is 3 + -230?
-222
In base 9, what is -3701 - 12?
-3713
In base 5, what is 4 + 0?
4
In base 6, what is -4 + -314?
-322
In base 2, what is -1100000 - 1100?
-1101100
In base 5, what is -11442 + 30?
-11412
In base 2, what is 10110100 - 101?
10101111
In base 8, what is 6 + -315?
-307
In base 9, what is 0 + 202?
202
In base 13, what is -32b - 5?
-333
In base 5, what is -203 + -141?
-344
In base 16, what is 34 - -6?
3a
In base 5, what is -1 + 10?
4
In base 15, what is -4 + 35d?
359
In base 8, what is 332 - -2?
334
In base 14, what is 4 - -26d?
273
In base 3, what is -1001112 + -1001?
-1002120
In base 11, what is 14 - 19?
-5
In base 16, what is 3 - -1ab4?
1ab7
In base 12, what is -1487 - -1?
-1486
In base 7, what is 3064 + 12?
3106
In base 7, what is 3 + 1012?
1015
In base 2, what is -1110000000 - -1010?
-1101110110
In base 9, what is 51 + 1?
52
In base 3, what is 11 - -102012?
102100
In base 7, what is -1 - 4?
-5
In base 15, what is -1 - 13c?
-13d
In base 14, what is -2bb - 4?
-2c1
In base 3, what is -1022121 - -11?
-1022110
In base 16, what is -1 - 4?
-5
In base 12, what is 0 + 63a?
63a
In base 16, what is 3d + 1?
3e
In base 10, what is 162 + -2?
160
In base 6, what is 1 + -104?
-103
In base 9, what is -12 + 2142?
2130
In base 15, what is -1 + 17?
16
In base 13, what is -165 - 3?
-168
In base 12, what is -1894 - -2?
-1892
In base 5, what is -10332 